lculate the remainder when (8*-19 + 2)/x is divided by 4*(-1 - -3)/8*26.
23
Let u = 69 - 49. Suppose 44*h - 70*h = -56*h + 1950. Calculate the remainder when h is divided by u.
5
Suppose -3*t = -5*t + 3*s + 11, 0 = 3*t - 5*s - 19. Let i(c) = -5*c**3 - 2*c**2 - 8*c - 7. Calculate the remainder when 133 is divided by i(t).
10
Let c(r) = 2*r**2 - r - 8. Let w(v) = -4 - 26*v + 89*v**2 - 30*v**2 - 62*v**2. Calculate the remainder when c(-6) is divided by w(-8).
10
Let q = 560 + -337. Let k = 308 - q. What is the remainder when k is divided by 23?
16
Let s(h) = -4*h + 58. Let a = 26 - -81. What is the remainder when a is divided by s(10)?
17
Suppose 319 + 208 = 3*d - 4*o, -o - 2 = 0. Let r = -98 + d. What is the remainder when r is divided by 20?
15
What is the remainder when 187 is divided by (3 - ((-55)/(-6) - 6))/((-1)/6)?
0
Suppose -3 = 2*f - 3*g, 0 = -4*f - 2*g + 4*g - 2. Suppose f = 15*y + 878 - 3563. What is the remainder when y is divided by 45?
44
Suppose k - 5 = 2*i + 5, 19 = k - 5*i. Suppose -k*o - 16 = -2*m, -26 = -4*m + 3*o - o. What is the remainder when m is divided by 6?
0
Let f(w) be the first derivative of -3*w**2 - 10*w + 14. Calculate the remainder when f(-7) is divided by 9.
5
Let n = 374 - 293. Suppose 4*l + n*a - 2343 = 82*a, 2*l - 5*a - 1185 = 0. Calculate the remainder when l is divided by 19.
15
Calculate the remainder when 201 is divided by (-9)/6*(168 + -230).
15
Calculate the remainder when (28826/426)/((-21)/(-9)) is divided by 5 + 2 + (-4)/2.
4
What is the remainder when 1062 is divided by (8 - (-174)/(-9))/(1*2/(-36))?
42
Calculate the remainder when (33498/48 - (-5)/40) + -11 is divided by 186.
129
Suppose -7*q + 84 = -4*q. Suppose -30 = -d - 0*b - 5*b, -5*d + 2*b + 42 = 0. What is the remainder when q is divided by d?
8
Suppose 2*a + 0*a - 20 = 0. Suppose -797 = 11*m - 676. Calculate the remainder when a is divided by ((-84)/40)/(-7)*(m + 21).
1
Let a = 9319 - 9302. What is the remainder when (-18)/(((-8)/(-6))/(-2)) is divided by a?
10
Suppose 20*s - 6*s = -7854. Let h = 582 + s. What is the remainder when 272 is divided by h?
20
Suppose -5436 + 81859 = 35*j - 63577. Calculate the remainder when j is divided by 69.
67
Let z(k) = k + 6. Suppose 3*n - 72 = p, -15*n + p + 48 = -13*n. Suppose 0 = -9*t + n*t - 1770. What is the remainder when t is divided by z(5)?
8
Suppose 2*b = -t + 287 + 34, 2*t + 158 = b. What is the remainder when 333 is divided by b?
13
Let v(p) = 13*p**2 + 95*p + 107. What is the remainder when 8711 is divided by v(-6)?
1
Suppose 4*i = -w + 45, -1 = w - 5*i - 10. Let p be 12/(-18) - 581/(-3). Let s = p - 107. What is the remainder when s is divided by w?
28
What is the remainder when 479 - (-6 + 15/(7 - 4)) is divided by 24?
0
Let h(z) = -3*z + 9. Let o = 34 + -4. Let m be 22/10 + (-6)/o. Calculate the remainder when 9 is divided by h(m).
0
Let l(m) = m**3 - 11*m**2 + 15*m + 316. Calculate the remainder when l(9) is divided by 219.
70
Let o(g) = -6*g. Suppose 3*m - 3*y - 2*y = 2446, -y + 4 = 0. Suppose -150 = -m*s + 816*s. What is the remainder when o(-7) is divided by s?
17
Suppose 0 = -3*b + 3*q - 3, -11*b - 11 = -10*b + q. Calculate the remainder when 109 is divided by ((-20)/(-15))/(b/(-63)).
11
Let g(l) = 116*l + 1049. Calculate the remainder when (-2)/2 - (-21 + 3) is divided by g(-9).
2
Let f = 1989 - 1932. Calculate the remainder when 209 is divided by f.
38
Let w(t) = 11*t + 214. What is the remainder when 140 is divided by w(-15)?
42
Suppose 7*t - 20 = 3*t. Suppose 2*i = -3*g + 2018, -5*g = -g + 5*i - 2686. Let b = g - 650. Calculate the remainder when b is divided by t.
4
Suppose 0 = 12*p - 6032 - 1564. Suppose -p = -21*c + 480. Suppose -g - 34 = -q, -3*g - 34 = -2*q + 37. What is the remainder when c is divided by q?
22
Let g(d) = -d**2 - 143*d + 3381. Calculate the remainder when g(-159) is divided by 83.
7
Let d = -1057 - -1136. What is the remainder when 317 is divided by d?
1
Let h = -406 + 411. Calculate the remainder when 548 is divided by 32 - 1/(h/35).
23
Let l be ((-42)/9*1)/((-7)/21). Suppose p + l*s = 11*s, -p - 2*s + 4 = 0. Calculate the remainder when p is divided by 4.
0
Suppose 2 = -3*y - 5*g, y - 4*g = -0*g + 5. Let a be (y - -3) + 3/3. Suppose -a*x = -0*x - 35. What is the remainder when 11 is divided by x?
4
Let v = 9752 - 9448. What is the remainder when v is divided by 103?
98
Suppose 257 = -162*z + 166*z + 3*w, 0 = 3*z + 5*w - 201. What is the remainder when 178 is divided by z?
54
Let d(t) = -t**3 + 15*t**2 + 22*t - 95. Let z be d(15). Calculate the remainder when ((-6552)/(-5))/2 - (-188)/z is divided by 73.
72
Let h = -86 + 47. Let n = -37 - h. Suppose x + 5*s - 4 = 0, -2*x + 35 = n*x + s. What is the remainder when 79 is divided by x?
7
Let v(o) = o**2 - 14*o + 9. Let k be v(4). Let u(j) = j**2 + 24*j + 47. What is the remainder when u(k) is divided by 14?
12
Let m(z) = -2*z**3 + 4*z**2 - 4*z + 2. Let w be m(3). What is the remainder when (-1 - -67) + 10/5 is divided by 8/w - (-988)/28?
33
Suppose -3*l + 33*u + 615 = 29*u, 2*u = -l + 195. What is the remainder when l is divided by 196?
5
Suppose 0 = 2*f - 5 + 3. Let i = f - -1. What is the remainder when i is divided by (-22)/(-28) + (-2457)/(-11466)?
0
Let r = 25 - 2. Calculate the remainder when (1/2)/((23/(-174))/(-23)) is divided by r.
18
Let h(p) = -276 - 245 + 357 + 29*p. What is the remainder when 739 is divided by h(7)?
37
Suppose 3*p + 3*f + 1 = 2*p, 3*p = -4*f + 2. Let d be (15/9 - p)*-6. Let j(l) = 17*l + 2. What is the remainder when 69 is divided by j(d)?
33
Suppose -k = 8*k + 126. Let j = 23 + k. Calculate the remainder when (-482)/(-8) + 2/(-8) is divided by j.
6
Let y(m) = -m**3 - 11*m**2 + 241*m + 108. Calculate the remainder when 670 is divided by y(-22).
20
Let y = -610 - -634. Suppose u - 527 = -3*x, -x + 3*x + 3*u - 349 = 0. Suppose y*l - 13*l - x = 0. What is the remainder when l is divided by 11?
5
Suppose 5*c + 416 + 2032 = 4*q, c = 0. Let t = -251818 - -251906. What is the remainder when q is divided by t?
84
Suppose -5*t - 5*q + 870 = -0*q, -2*t + 5*q = -355. Let u = 875 + -853. What is the remainder when t is divided by u?
21
Let s = 19053 - 18519. What is the remainder when s is divided by 56?
30
Suppose 9*z = 1119 + 321. Calculate the remainder when z is divided by 0/(-1) + 0 + 9.
7
Suppose 47*y - 5271 + 900 = 0. Suppose 2*d = 3*h - 530, 92*h - y*h = 4*d - 186. Calculate the remainder when h is divided by 33.
13
Let a(v) = 66*v - 2504. Calculate the remainder when a(45) is divided by 133.
67
Let k(w) = -2737*w**3 - w - 3. Calculate the remainder when k(-1) is divided by 36.
35
Suppose 0 = 584*p - 516*p - 9792. Calculate the remainder when 19293 is divided by p.
141
Suppose 0 = -3*b + 118 + 35. Suppose 217 = 69*p - 65 - 1512. What is the remainder when b is divided by p?
25
Suppose -2*b = 2*s - 2056, -34*b = 4*s - 40*b - 4102. Calculate the remainder when s is divided by 100.
27
Suppose -155 = -21*a - 71. Calculate the remainder when 14 is divided by a.
2
Let u = -14010 - -14582. What is the remainder when u is divided by 194?
184
Let w(v) = -v**2 + 13*v + 37 + 18 + 2*v**2 - 24. What is the remainder when 10 is divided by w(-11)?
1
What is the remainder when 984 is divided by (-63 + 54)*2829/(-27)?
41
Let q = -86 - -223. Let w(t) = 6*t**3 - 3*t**2 - t + 3. Let u be w(1). Suppose -u*m = -214 + 39. Calculate the remainder when q is divided by m.
32
Suppose -3*q - u = -89, 4*q - 8*u + 3*u - 106 = 0. Calculate the remainder when (-4)/8*4 - (0 + -86) is divided by q.
26
Let y be (36/10)/((-1)/(-150)). Let i be (-16)/2*-2*1/4. Suppose i*q - y = -8*q. Calculate the remainder when q is divided by 8.
5
Let v(p) = 6*p - 94. Let w be (2*19/(-4))/((-2)/4). Suppose 3*i = 81 + 27. What is the remainder when i is divided by v(w)?
16
Suppose -2473 = -16*u - 1430 + 5805. Calculate the remainder when u is divided by 55.
43
Suppose 161 + 315 = 68*r. Let l = 41 + -36. What is the remainder when r is divided by l?
2
Let m(c) = -39*c + 3. Let n be m(-2). Suppose n*d - 83*d + 64 = 0. Calculate the remainder when 1/(2*5/610) is divided by d.
29
Let h = -537 + 941. Let o = 192902 + -192865. Calculate the remainder when h is divided by o.
34
Suppose -12 = -2*x - f + 19, 5*f - 43 = -2*x. Calculate the re